-z*c + 9*c + 191. Is c prime?
True
Suppose 20 = -4*k - k. Is (-13581)/18*(16/6)/k composite?
False
Suppose u + 2*n + 168 = 4*u, 5*u + 5*n - 255 = 0. Suppose -49*b = -u*b + 1175. Is b a composite number?
True
Let z = 774 - 410. Let o(m) = m + 1. Let l be o(-1). Suppose -4*t + z = -l*t. Is t a prime number?
False
Let p = 709 - 505. Suppose 0*y + y = 93. Let m = p - y. Is m a composite number?
True
Suppose -839 + 3 = -4*p. Let d = 2 + p. Is d a prime number?
True
Let m = -12 + 14. Suppose m*c - 290 = 3*c. Let y = c + 625. Is y prime?
False
Suppose -16*g + 13*g = -10299. Is g prime?
True
Suppose -126843 = -4*m + 4*v + 2549, -3*m = 2*v - 97069. Is m composite?
False
Is (-3)/(15/(-23396)) + (-11)/55 prime?
True
Let k(z) = z**3 + 16*z**2 - 17*z. Let d be k(-17). Suppose -4*p = -d*p - 2708. Is p prime?
True
Let w = 6962 + -1324. Is w composite?
True
Let f = 7774 - 4115. Is f prime?
True
Let n(v) be the second derivative of 11*v**3/3 + v**2/2 + 3*v. Suppose 0 = -0*t + t - 1, -t = -2*o + 7. Is n(o) a prime number?
True
Let q(g) = 3589*g - 68. Is q(1) prime?
False
Let h(c) = -230*c - 53. Let u(f) = -116*f - 27. Let z(i) = -6*h(i) + 11*u(i). Is z(10) a composite number?
False
Let g = -40378 - -69269. Is g prime?
False
Suppose 7*l - 48 = 3*l. Suppose 5*i + 43 + l = 0. Is 8/(-44) + (-816)/i a composite number?
True
Let q = 57 - -128. Is (q/(-4))/(10/(-40)) prime?
False
Suppose 163*y = 165*y - 5014. Is y a prime number?
False
Let t = 0 - 15. Let w = 52 + t. Is w a composite number?
False
Let m = -3325 + 1997. Let q = m - -2493. Is q a prime number?
False
Suppose -66010 = -y + 3*x, 4*y + 3*x = 398321 - 134266. Is y prime?
False
Suppose 15*o = 19*o - 12812. Is o prime?
True
Let w(b) = 4*b - 64. Let k be w(17). Suppose -4 = -4*r + k, -619 = -3*h + 4*r. Is h composite?
True
Let u(p) = 4147*p - 8. Is u(3) a prime number?
True
Suppose -108*d + 6654 = -106*d. Is d a prime number?
False
Suppose 0 = -5*c + 3*j - 63, j + 2*j - 3 = 0. Let k(f) = -2*f - 7. Let g be k(6). Let n = c - g. Is n a composite number?
False
Suppose -10*h + 0*h = -23330. Is h prime?
True
Let w = -6 + 10. Suppose -w*m + 1739 = -1521. Suppose 0 = l - 6*l + m. Is l a prime number?
True
Let v = 26 + -16. Is 638/((-5)/(v/(-4))) a composite number?
True
Suppose 9*z = 4*z + 20. Is 2 - -37*4/z a composite number?
True
Is -5 + (3438 - (-3 + 3)) prime?
True
Let x be ((-5)/4)/((-3)/12). Suppose 0 = q - 1, -x*c + 1160 = -4*q - 1931. Is c a composite number?
False
Suppose a + 5*k = 4*k + 12608, -37827 = -3*a - 2*k. Is a prime?
True
Is ((-112984)/16)/(3/(-6)) prime?
False
Let t be (-502)/4 - 24/(-16). Suppose 4*r = -32 + 1160. Let k = r + t. Is k a prime number?
False
Suppose -8 = 4*d - 6*d. Let z(l) = -l**3 + 32*l**2 - l + 41. Let g be z(32). Is ((-6)/g)/(d/(-78)) a prime number?
True
Let l = 189893 + -105066. Is l a prime number?
True
Suppose 3*w = 2*w + 3. Suppose 4*c = -4*o, -16 = -7*o + w*o + 4*c. Suppose o*b - 2*n - 417 = -3*b, 5*n - 78 = -b. Is b a prime number?
True
Suppose -3*n + 5*j = -3876 - 205, -n = 3*j - 1379. Let d = 2994 - n. Let r = 2768 - d. Is r a prime number?
False
Let z(f) = 120*f**2 + 22*f - 11. Is z(3) composite?
True
Suppose 0 = 2*a + 3 - 165. Let p = -209 + a. Let z = 217 + p. Is z a composite number?
False
Suppose -15020 = -4*n + 16136. Is n composite?
False
Let k = 1084 + 861. Let m = k - 758. Is m composite?
False
Let g = -1262 - -2535. Is g a prime number?
False
Let f(v) = 11 + 47*v - 8 - 7*v**3 + 4*v**2 - 41*v. Is f(-6) a composite number?
True
Suppose 2*x + 4*n - 702 = 0, -x - n + 306 = -46. Is x a prime number?
True
Suppose 0*l - 1348 = -l - 2*a, 0 = 4*l + 4*a - 5372. Suppose 6*i - 4*c - l = 4*i, -4*c - 659 = -i. Is i a prime number?
False
Is -3 - -956 - (-3)/3 - -5 prime?
False
Let a(q) = 18*q - 2 + 6*q + 31*q. Let f(z) = z + 6. Let g be f(-5). Is a(g) prime?
True
Let l = 92 + -87. Suppose 5*f = -2*c + 1042, l*c - 3*f + 4*f = 2559. Is c a composite number?
True
Is ((-4)/6)/(14/(-1147377)) a prime number?
False
Suppose 0 = -30*q + 3141722 + 307228. Is q a prime number?
False
Let v be 0/(-3) + 1 + 3. Let u = -4 + v. Suppose w + 0*w - 211 = u. Is w prime?
True
Suppose -2*s - 2*b + 163556 = 0, 3*s - b - 166858 = 78480. Is s prime?
False
Let z = 16 + -18. Let k be 42/12 - (-3)/z. Suppose 0 = -k*c - 8, 3*s = 3*c + 100 + 86. Is s a composite number?
True
Suppose 1 - 11 = -2*k. Suppose 4*m + 2*t = 3*t + 672, -k*t = 3*m - 481. Is m composite?
False
Suppose -16 = -3*o + x, -2*x = -5*o - 7*x + 20. Let z be (-6 - 0)/(-4 + 3). Suppose z = -o*j + 6*j. Is j a composite number?
True
Let z(m) = 7535*m + 88. Is z(5) a prime number?
False
Suppose -3*n = -6*n + 1758. Let y = n - 321. Is y a prime number?
False
Let t(p) = -475*p + 4. Let x = -66 - -65. Is t(x) composite?
False
Suppose -6*c = -10*c - 4. Let x be (2 - -1)*6/(-9). Is c/x + (-49)/(-2) a prime number?
False
Let g be (-12828)/(-5) - (-2)/5. Suppose -3*v = -v + g. Let b = 3178 + v. Is b prime?
False
Suppose -212*z = -210*z. Suppose 617 = 4*m + m + 3*h, 5*m - 3*h = 623. Is (z/2 - 1) + m prime?
False
Let s be 39/65*10/3. Suppose -j - 2307 = -2*v - 6*j, 2*j - s = 0. Is v a composite number?
False
Is (-28502 + 0)*(-33)/66 a composite number?
False
Suppose -3*b + 7*b - 6428 = 0. Suppose -5*n = -948 - b. Suppose -4*p + 133 = -n. Is p a prime number?
False
Suppose 3*f + 8987 = 4*h, 11*h = 8*h - 3*f + 6735. Is h a composite number?
True
Suppose -2*c + 661 = -5*s + 4*s, 0 = c - 2*s - 329. Is c prime?
True
Let f(p) = -p**3 - 9*p**2 - 8*p. Let m be f(-8). Let b = m - 0. Suppose 2*n - 2*c = 364, -3*n + c + 4*c + 536 = b. Is n a prime number?
False
Let c = 28 - 19. Is 1*(-2 + 3) - (-331 + c) a composite number?
True
Suppose d - 2*k = 470 + 1, 2*k - 2415 = -5*d. Let i = 820 - d. Is i composite?
True
Let q be 0 - (0 - -2 - 1). Let u = q + 5. Suppose 115 = 5*i - 2*x, -2*i = -u*x - 67 + 21. Is i a composite number?
False
Let d be (-3)/9 + -2 + 14/6. Suppose -3*b = 2*c - 2368, -4*c + 0*b + 2*b + 4752 = d. Is c a composite number?
False
Let t = 1111 - 772. Is 7/(229/t + 6/(-9)) prime?
False
Suppose -51*q + 20477 = p - 49*q, q - 40942 = -2*p. Is p a prime number?
False
Suppose 0 = -4*j + s + 35697, -2*j + j + 4*s + 8943 = 0. Is j prime?
True
Let t be ((-2)/2)/(-6 + 17/3). Suppose 5*b - t*b = -4*h + 136, 4*b + 91 = 3*h. Is h prime?
False
Suppose 10*c - 13*c = -16869. Is c a prime number?
True
Suppose 0 = -4*u + 3*k + 18995, -3*k - 6 = -15. Is u composite?
False
Let m be 1 + (-15)/((-4)/(-4)). Let j = m + 14. Suppose 2*w - d = -5*d + 174, -3*w - 3*d + 267 = j. Is w a composite number?
True
Suppose -3*u = 1 + 38. Let i = u + 13. Let d(s) = -s**2 - s + 335. Is d(i) a composite number?
True
Let g = -29773 - -43718. Is g a composite number?
True
Suppose 0 = -4*k - k + 660. Suppose 7*u = 3*u + k. Is u a prime number?
False
Let v = -264 + 1274. Let m = v + -655. Is m prime?
False
Let r(c) = 950*c + 17. Is r(4) composite?
True
Let m = 10 + -3. Suppose -m*y + 4*y + 15 = 0. Let h(v) = 7*v - 4. Is h(y) a prime number?
True
Let z be 1222/(-2)*(6 + -7). Let y = z - 25. Is y prime?
False
Let v(k) = 5*k**3 - k**2 - 3*k - 4. Let j be (3/(-5))/((-2)/10). Is v(j) a prime number?
True
Suppose -4*j = 3*g - 18 - 7, 3*g - 2*j - 37 = 0. Let i = -5 + g. Let n(s) = 2*s**2 - 2*s + 9. Is n(i) prime?
False
Let c(g) = -g**3 + 17*g**2 - 7*g - 49. Let y be c(20). Let w = 2020 + y. Is w composite?
False
Suppose 14 = 5*r - 86. Suppose -l + 63 = -r. Suppose -3*v + 28 = -l. Is v a composite number?
False
Suppose 379*v - 384*v = -39145. Is v a prime number?
True
Suppose -25*g - 7*g = -230624. Is g a prime number?
True
Let n(h) = -5 - 108*h**2 + 110*h**2 + 18 + 8*h. Let a be 0/(-5) + (0 - -10). Is n(a) a prime number?
True
Let z(n) = -48*n**3 - 7*n**2 - 4*n + 11. Is z(-6) composite?
False
Let f(b) = -3*b + 8. Suppose -4*n + 3*y - 43 = 0, y = -2*n + 2*y - 23. Is f(n) a prime number?
True
Let o(d) = -3*d**3 + 16*d**2 - 23*d - 73. Is o(-15) a composite number?
False
Suppose -16*b + 13*b + 2*j = -26793, j + 44662 = 5*b. Is b a prime number?
True
Suppose -4*k + t + 3558 + 11568 = 0, 0 = -4*k + 4*t + 15120. Suppose k + 4823 = 5*v. Is v a prime number?
True
Let x(a) = 8*a**2 - 15*a + 95. Is x(6) prime?
True
Let c be -3*(2 - 3/9). Suppose -3*a + 4 - 17 = -2*j, 3*j + 2*a = 0. Is 6 + c - (-884)/j a